-2*j - 8 + 58, -5*q - 2*j = 111. Let i = q + 58. Calculate the highest common divisor of i and 175.
35
Let v be (4 - -2)*(-4)/(-6). Suppose -v*a + 37 = d, -4*a + d + 35 = -0*d. Suppose -175 = -2*l - 31. Calculate the greatest common factor of l and a.
9
Let w = 622 - 587. Let r(u) = -12*u - 2. Let b be r(-6). What is the greatest common divisor of b and w?
35
Let x be 816/36 - (-4)/(-6). Suppose 4*z - 12 = -4*t, -5*z - 2*t = -15 - 0. Let d be (-3)/9 + 265/z. Calculate the highest common factor of x and d.
22
Let n = 129 + -94. Let b(c) = c - 4. Let m be b(6). Suppose m*s = -5*a + 7*s + 45, -3*s = -15. Calculate the highest common divisor of a and n.
7
Let j(l) = -2*l**2 - 32*l + 334. Let u be j(-22). What is the highest common factor of u and 126?
14
Let f = -7 + 16. Suppose -f*w = -7*w - 4. Let q be (0 - (w + -6)) + 3. Calculate the highest common divisor of 35 and q.
7
Suppose o = 5*j + 111, o + 100 = -4*j - o. Let s be 3*6/(-18) - j*1. What is the highest common factor of s and 110?
22
Suppose -2*d = -3 + 1. Let i be ((-11)/d)/(10/(-10)). Calculate the greatest common factor of i and 77.
11
Let b = -6 - -4. Let m = 10 - b. Suppose m + 43 = g. Calculate the highest common factor of 22 and g.
11
Suppose -h = -2*h. Suppose h = 6*q - 11*q + 180. Suppose 0*g = 4*g - 72. Calculate the greatest common factor of g and q.
18
Let d be (0 - (-2 + -2))/(-8 + 7). Let n(k) = 2*k**2 - 3*k + 11. Let x be n(d). Calculate the highest common divisor of 11 and x.
11
Suppose -6*n + n = 5*s - 85, -n - 3*s + 9 = 0. Let y be 29 - 12*286/156. Calculate the greatest common divisor of n and y.
7
Let j be (111/(-2))/(20/(-40)). Calculate the highest common divisor of 37 and j.
37
Let h be 1/2*(60/5)/(-1). Let i be h*1/((-6)/16). What is the greatest common factor of i and 144?
16
Let k = -8 + 10. Suppose 5*v = -5*f + 70, k*f - 28 - 5 = -3*v. Calculate the highest common factor of f and 72.
9
Let i = 175 + -173. Suppose 3*t - 7 = -5*r, 2*t + i*r + 8 = 14. Calculate the greatest common factor of 4 and t.
4
Suppose 14*i - 132720 = -56*i. Calculate the highest common divisor of i and 48.
24
Let i = -121 - -176. Let y(d) = -3 + 2 - 1 - 12*d. Let v be y(-2). Calculate the highest common divisor of v and i.
11
Suppose -3*o + 3*a = -148 + 4, o - 4*a - 51 = 0. Suppose 0 = -50*s + o*s + 135. Calculate the highest common divisor of s and 5.
5
Suppose 0*x = 5*s + 2*x - 10, 5*s - 5*x = -25. Suppose 3*o - 55 - 65 = s. Calculate the greatest common factor of o and 8.
8
Let z = -9 - -24. Suppose h - 4 = 5*m, 2*m + 0 - 8 = -2*h. Let o(f) = -f**3 - f**2 - f + 6. Let y be o(m). Calculate the greatest common divisor of y and z.
3
Suppose 264 = 4*r + 4*x, 4*r = 2*r - 4*x + 126. Suppose 0 = 101*h - 2218 - 2428. Calculate the highest common factor of h and r.
23
Let v = -1 + 4. Let i be (26 + -4)*v/6. What is the greatest common factor of 121 and i?
11
Let o be 2/7 + (-48564)/(-399). What is the greatest common divisor of 1525 and o?
61
Suppose h - 59 = 3*k, 5*h - 11*k + 9*k - 282 = 0. What is the greatest common divisor of 224 and h?
56
Let i(p) = -18*p - 483. Let z be i(-27). What is the greatest common divisor of z and 69?
3
Suppose -6*k + 4*k + 4*z + 72 = 0, 2*z = -4*k + 194. Calculate the greatest common factor of k and 299.
23
Let a(i) = 3*i + 1. Let b be a(3). Let h be b + 1 - (2 + -2). Suppose -296 = 20*r - 1836. Calculate the highest common divisor of r and h.
11
Let k(m) = 2*m**2 + 17*m - 58. Let c be k(-14). What is the greatest common factor of 120 and c?
24
Let d = 141 + 54. Calculate the greatest common factor of d and 39.
39
Let m be 11/6 + (-11)/(-66). Suppose -m*t + t = -42. Suppose 0 = -g + 2 + 19. What is the greatest common divisor of g and t?
21
Let y(q) = -q**2 - 5*q - 2. Let k be y(-2). Suppose 0*d + 70 = 5*r + 5*d, -20 = -r - k*d. Calculate the highest common divisor of r and 4.
4
Suppose 6*d = d. Let s = -30 - -33. Suppose d*t = -2*t - s*w + 24, -w = -4*t + 20. Calculate the greatest common factor of t and 30.
6
Let x = 36 - 31. Suppose 4*l + 24 = x*l. What is the highest common factor of l and 120?
24
Let m be 1*(4 + (-32)/6)*-168. Calculate the highest common factor of m and 8.
8
Suppose -26*r + 32 = -25*r. Calculate the highest common divisor of 416 and r.
32
Let t be 0 + 5 + (19 - 24). Suppose -5*o + 20 = -3*f, t = 3*o - 3*f + 1 - 13. Suppose 0*w - 5*w + 40 = 0. Calculate the greatest common factor of w and o.
4
Suppose 185*s = 178*s + 3591. What is the greatest common divisor of s and 135?
27
Suppose -3*a + 51 = 30. Calculate the greatest common divisor of 77 and a.
7
Suppose 0 = 17*t - 16*t + 1, -3*i + 5*t = -41. Calculate the greatest common factor of 318 and i.
6
Let p(h) = 10*h**2 - h + 17. Let r be p(3). What is the highest common factor of 56 and r?
8
Let i be 312/(18/6) - (1 - 2). Suppose 8*z = -z + 135. Calculate the highest common factor of z and i.
15
Suppose 26*a = 28*a - 6. Suppose -a*d - 3*x = -357, d = -4*d + 3*x + 603. Calculate the greatest common factor of 15 and d.
15
Let x be ((-4)/12 - 2)*-3. Let y be ((-27)/(-9))/(1/x). Let i be 1330/y*(-12)/(-5). What is the greatest common factor of 19 and i?
19
Let s(v) = 3*v**2 - 1. Let r = 2 + -11. Let j be s(r). Calculate the greatest common divisor of j and 22.
22
Suppose 2*a + 124 = k, 5*k + 2*a = 7*a + 625. Let w = 30 - 16. Calculate the greatest common divisor of w and k.
14
Let b = -5963 + 12585. Let a be b/49 - (-2)/(-14). What is the highest common factor of 15 and a?
15
Suppose -2*r + 130 = 3*r. Let p be ((-12)/(-14))/3 + 4044/(-42). Let w = p - -161. Calculate the greatest common factor of r and w.
13
Suppose 2*x = x - 5. Let l = x - 5. Let h = 11 + l. Calculate the highest common factor of 4 and h.
1
Let m(k) = -5*k**3 + 2*k**2 + 6*k - 3. Let d be m(-3). Let i = 352 - d. Calculate the greatest common divisor of i and 44.
44
Suppose 5*l - 15 = 0, 7*l = -2*b + 9*l. What is the highest common divisor of 7 and b?
1
Let r(t) = -2*t - 26. Let y = 93 + -115. Let o be r(y). Let i = 13 + 41. Calculate the greatest common divisor of i and o.
18
Let i(o) = -o**3 + o**2 + 20. Let c be i(0). Suppose -s + 25 = -2*y, -66 + c = -s - 5*y. What is the greatest common divisor of s and 62?
31
Let b be -1 + 42/9*3. Suppose -3*z + b = m + m, m - 7 = -2*z. What is the greatest common factor of 5 and z?
1
Suppose -348 = -45*x + 43*x. Calculate the highest common divisor of 261 and x.
87
Let d be -3*(88/(-55))/((-6)/(-10)). Suppose 13*o = d*o + 2080. What is the highest common divisor of o and 52?
52
Let p(x) = x**3 - x + 5. Let y be p(0). Let k = y + -2. Suppose 0 = 5*u + 2*l - k*l - 7, 0 = 4*l - 12. What is the highest common factor of u and 10?
2
Let y = 468 + -348. What is the highest common factor of 150 and y?
30
Let m = -107 - -197. Suppose 5*j - 84 = 6. What is the greatest common divisor of m and j?
18
Let c(u) = -u**3 - 3*u**2 + 6*u - 4. Let g be c(-5). Let y be -4*4/(g/(-7)). Let l = y + 26. Calculate the highest common divisor of l and 22.
11
Let l be 4/3*(-33)/(-11) - 90. Let y = 88 + l. What is the highest common divisor of 22 and y?
2
Let d = -33 + 123. Suppose -3*n + 44 = -10. What is the highest common divisor of d and n?
18
Suppose h = -0*y + 3*y - 25, 0 = 4*h + 3*y + 85. Let c = h - -44. What is the greatest common factor of 55 and c?
11
Let h be 4/(-22) + 1590/33. Suppose -23*l + 21*l - 4*r + 148 = 0, r = -l + 73. What is the highest common factor of h and l?
24
Suppose -5*v + 9 = -6. Let k be (63/(-14))/(v/(-52)). Suppose -k = -2*o + 32. Calculate the highest common divisor of o and 11.
11
Let c(y) = 1 + y**3 - 3*y**2 + 25*y**2 + 0. Let k be c(-22). What is the highest common factor of k and 1?
1
Let y be (-2)/(-12) - 17875/(-750). Calculate the greatest common divisor of 552 and y.
24
Let x(k) be the second derivative of k**3 + 9*k**2/2 - 7*k. Let j be x(-11). Let r = 83 - j. What is the greatest common factor of 20 and r?
20
Suppose 0*h + 4*h = -20, -2*p - 2*h = -38. What is the greatest common factor of p and 60?
12
Suppose -5*q - 6 = -5*n + 79, 3*q + 11 = n. Suppose 0 = -3*m - n + 92. Suppose 5*h - 3*h - 12 = 0. What is the highest common divisor of h and m?
6
Suppose -5*q - 25 = 0, -2*a = a - 2*q + 29. Let h be (-1 + a)/((-2)/6). Calculate the highest common divisor of h and 56.
14
Sup